is -1001100 - 100000100?
-101010000
In base 3, what is -2121021211 + 10200?
-2121011011
In base 15, what is 806 - -3?
809
In base 2, what is -1111110101001001001 - -10?
-1111110101001000111
In base 2, what is -1010000011110 - -100100110?
-1001011111000
In base 3, what is 2020211 + 121?
2021102
In base 7, what is -10 - -252615?
252605
In base 7, what is -4 + 10645?
10641
In base 16, what is 5 + -68a49?
-68a44
In base 6, what is 143453 + 4?
143501
In base 10, what is 5 + -562557?
-562552
In base 7, what is -206 - 222?
-431
In base 9, what is -37536 + -3?
-37540
In base 13, what is 66 + 67c9?
6862
In base 7, what is -1351502 - 3?
-1351505
In base 5, what is -2113443 - -11?
-2113432
In base 16, what is 1e - 85?
-67
In base 3, what is -110020011 + -10?
-110020021
In base 16, what is 4af66 + -5?
4af61
In base 4, what is 2223002022 - 1?
2223002021
In base 10, what is -22429 - -3?
-22426
In base 10, what is -2348200 + 1?
-2348199
In base 13, what is -c749 + 5?
-c744
In base 9, what is -1612 - -141?
-1461
In base 9, what is -15 + 131305?
131280
In base 10, what is 215706 + 3?
215709
In base 11, what is 1096 - -12?
10a8
In base 9, what is 1 + 1563326?
1563327
In base 2, what is 11000000000101001011 - -11?
11000000000101001110
In base 13, what is 32 - 5580?
-554b
In base 14, what is -60 - 183?
-203
In base 2, what is -11111101111111010011 - -10?
-11111101111111010001
In base 4, what is -313 + 323?
10
In base 5, what is -4211 - -3113?
-1043
In base 13, what is 82359 + 3?
8235c
In base 14, what is 9 + -1391?
-1386
In base 5, what is -22 - -422223?
422201
In base 4, what is -11011231322 + 10?
-11011231312
In base 12, what is 0 - 183817?
-183817
In base 10, what is -418158 + -5?
-418163
In base 7, what is -166 - -14024?
13525
In base 4, what is 3 + 11112?
11121
In base 8, what is -2202746 + -5?
-2202753
In base 4, what is 1000 - 3103?
-2103
In base 15, what is -9 - -46a8?
469e
In base 8, what is 1 - -21235?
21236
In base 8, what is 22404066 + 1?
22404067
In base 13, what is -10a - 595?
-6a2
In base 11, what is -338 + -8a?
-417
In base 12, what is -7b - -393a?
387b
In base 9, what is -22 - -31251?
31228
In base 6, what is 314 + 20405?
21123
In base 14, what is 17 - -1094?
10ab
In base 12, what is 19 - -891?
8aa
In base 9, what is 3751 - 18?
3732
In base 6, what is -20233 - 5?
-20242
In base 16, what is -2a87c + 2?
-2a87a
In base 3, what is -212 + 12201100?
12200111
In base 10, what is 25 - 1044?
-1019
In base 11, what is a3 + -271?
-179
In base 10, what is 0 - 39869?
-39869
In base 14, what is 2313 - -29?
233c
In base 4, what is -2013 + -20213?
-22232
In base 3, what is -11122000101 - 0?
-11122000101
In base 4, what is -1311210 + 1003?
-1310201
In base 10, what is -75 + 374?
299
In base 5, what is 3132 - -1340?
10022
In base 8, what is 10341547 - -1?
10341550
In base 10, what is 3070 + 92?
3162
In base 7, what is 51 - -336056?
336140
In base 5, what is -3 + -30312241?
-30312244
In base 12, what is -5 - -2706b?
27066
In base 3, what is 1 - -1122111101?
1122111102
In base 5, what is 3 + -201330130?
-201330122
In base 12, what is 3396 - 0?
3396
In base 5, what is -4 - 202323?
-202332
In base 12, what is -532 + 11?
-521
In base 14, what is -7d9 - -23?
-7b6
In base 4, what is -12313 + 1120?
-11133
In base 16, what is 3 + a34?
a37
In base 2, what is 1111000110 + 11011110?
10010100100
In base 6, what is -3244431 + -4?
-3244435
In base 3, what is -102002 + 1122?
-100110
In base 10, what is -7985 + 4?
-7981
In base 4, what is 102113 - -23?
102202
In base 6, what is -3532243 - 0?
-3532243
In base 2, what is -10100 - -100011011001?
100011000101
In base 14, what is -1c - -3b3?
395
In base 2, what is -10 + -1011101000001011?
-1011101000001101
In base 12, what is -33 - -10ba?
1087
In base 12, what is -14 - 37422?
-37436
In base 2, what is -1 + -1101000101001101?
-1101000101001110
In base 2, what is 111011110100000 - -101?
111011110100101
In base 5, what is 34224141 + -1?
34224140
In base 12, what is 2 + -151233?
-151231
In base 11, what is -3 + -112650?
-112653
In base 14, what is 1a - 8?
12
In base 3, what is -22 + -20220021221?
-20220022020
In base 5, what is 0 - 34424400?
-34424400
In base 10, what is -2225876 + 3?
-2225873
In base 13, what is -2 - -91b?
919
In base 9, what is 12 - 7263?
-7251
In base 2, what is 101110011 - -1011011110?
10001010001
In base 14, what is 1512 + 14?
1526
In base 8, what is -22 + -104762?
-105004
In base 3, what is -12102122 - -21012?
-12011110
In base 12, what is a7 - 96?
11
In base 8, what is 1 + 6160406?
6160407
In base 15, what is 2 + a1db?
a1dd
In base 10, what is 740 - 152?
588
In base 6, what is -23 + 2112232?
2112205
In base 8, what is 10003 - 0?
10003
In base 15, what is -44e61a + 5?
-44e615
In base 12, what is -1 + 1a788?
1a787
In base 14, what is -5 + 52c33?
52c2c
In base 14, what is -35 + 46c?
437
In base 7, what is -3302 + 6002?
2400
In base 9, what is -2 + 2212?
2210
In base 3, what is 22002 + -20210?
1022
In base 12, what is -44567 + -14?
-4457b
In base 2, what is 10001 + 10101100100100111?
10101100100111000
In base 2, what is 10000011100101110000 - 1000?
10000011100101101000
In base 5, what is 1 - 12414?
-12413
In base 16, what is -e86 + -67d?
-1503
In base 3, what is -12 - -20021200111?
20021200022
In base 4, what is 1 - 2202032?
-2202031
In base 3, what is 1 - -2201?
2202
In base 15, what is 1 - -b6e2?
b6e3
In base 2, what is -101101010 - -1011010?
-100010000
In base 11, what is 113938 - 3?
113935
In base 3, what is 22100020 - 102102?
21220211
In base 8, what is 0 + 2751302?
2751302
In base 5, what is -421 - -2021?
1100
In base 11, what is 15a703 - 2?
15a701
In base 6, what is 13 - -55441?
55454
In base 4, what is -10021 + 1012120?
1002033
In base 12, what is 7 - 68172?
-68167
In base 7, what is 514 + -125210?
-124363
In base 15, what is -1 - -33077?
33076
In base 7, what is -6014053 + 4?
-6014046
In base 10, what is -5 + -61032?
-61037
In base 5, what is -143 - -3132?
2434
In base 16, what is -a0fa + -2?
-a0fc
In base 6, what is 12 - 21432?
-21420
In base 9, what is 275 + 11371?
11656
In base 8, what is 4 + 2376?
2402
In base 7, what is 1245 - 4?
1241
In base 2, what is 1000 - -1000000110001101001?
1000000110001110001
In base 10, what is 3 - 4056?
-4053
In base 2, what is -11100111000100100 + -111?
-11100111000101011
In base 8, what is 5 - -204220?
204225
In base 12, what is -241 - -3566?
3325
In base 9, what is 2658 - 146?
2512
In base 5, what is 132 + 30104?
30241
In base 4, what is 303201 + -3030?
300111
In base 16, what is -9687 + -a2?
-9729
In base 2, what is 100 - -1100011010001100?
1100011010010000
In base 13, what is -ba9 - -b?
-b9b
In base 16, what is -2a99 - -2?
-2a97
In base 11, what is -34 + 111?
88
In base 3, what is 21110212000 + 1?
21110212001
In base 4, what is -1131312 + 1300?
-1130012
In base 11, what is -867 - -4?
-863
In base 16, what is 12ca07 - 1?
12ca06
In base 3, what is -11 + -111022211?
-111022222
In base 3, what is 11 + -1101011211012?
-1101011211001
In base 14, what is -209967 + 5?
-209962
In base 6, what is -154503 + 1?
-154502
In base 6, what is 1 - -30451102?
30451103
In base 5, what is 2 + 3343324?
3343331
In base 12, what is -ab - 59?
-148
In base 16, what is -161 - 80?
-1e1
In base 3, what is 12 - 1022112210?
-1022112121
In base 3, what is 1201211 + -1110?
1200101
In base 16, what is d - 273b?
-272e
In base 2, what is 101000000110110 + 11?
101000000111001
In base 4, what is -130100130 + 113?
-130100011
In base 9, what is 50113 - -4?
50117
In base 8, what is 312 - 1?
311
In base 10, what is 154038 + -4?
154034
In base 16, what is -b45b + -2?
-b45d
In base 4, what is -22313233 + 11?
-22313222
In base 14, what is -4b0 - -5?
-4a9
In base 10, what is 76 - 1103?
-1027
In base 2, what is 100 - 11010111101000?
-11010111100100
In base 2, what is -110 + 10001110100000?
10001110011010
In base 13, what is 61064 + -2?
61062
In base 16, what is 1065 - 13?
1052
In base 4, what is -31333203 + 0?
-31333203
In base 9, what is -134 - -15515?
15371
In base 6, what is -4 + -13534012?
-13534020
In base 5, what is 10044 + 232?
10331
In base 5, what is 1003302 + -20?
1003232
In base 7, what is 1414000 - 0?
1414000
In base 6, what is -1133455 - -33?
-1133422
In base 5, what is -13 + 11010?
10442
In base 5, wh